se
Is 1268832899 prime?
True
Is 891830519 prime?
True
Is 2349475543 composite?
True
Is 3641494487 a composite number?
False
Is 447955783 a composite number?
True
Is 64180542427 prime?
False
Is 1256074997 a composite number?
False
Is 58688327209 a composite number?
True
Is 1854338137 composite?
False
Is 21563814757 a prime number?
False
Is 658987271 prime?
False
Is 55283660303 prime?
True
Is 7668006785 composite?
True
Is 69009921935 prime?
False
Is 468412667 a composite number?
False
Is 3570878173 prime?
True
Is 2430555299 a prime number?
True
Is 1756719199 prime?
True
Is 22098304859 a composite number?
False
Is 5881073741 composite?
True
Is 2240308741 a composite number?
True
Is 5920298893 prime?
True
Is 12010357 composite?
False
Is 94610532967 a prime number?
True
Is 9796691501 composite?
False
Is 97631813 a prime number?
True
Is 4797976646 a prime number?
False
Is 9116069491 composite?
False
Is 684911041 a prime number?
True
Is 6678949499 composite?
False
Is 11517679531 composite?
True
Is 140338422626 a composite number?
True
Is 219884143 a composite number?
True
Is 2716308031 a prime number?
False
Is 73652809457 a prime number?
True
Is 47983045465 a prime number?
False
Is 6770690915 a composite number?
True
Is 22394263537 composite?
True
Is 12280655629 a composite number?
True
Is 36861356843 a composite number?
False
Is 860200361 composite?
False
Is 5652351869 a prime number?
False
Is 1676528303 composite?
False
Is 3313591969 a prime number?
True
Is 1477079543 prime?
True
Is 986479409 a prime number?
True
Is 25138772573 composite?
False
Is 38165340169 a composite number?
True
Is 5947462357 a prime number?
True
Is 10761815539 a prime number?
False
Is 147572317 a prime number?
False
Is 3799135493 a prime number?
False
Is 93813719641 a prime number?
False
Is 127198577 composite?
True
Is 501226427 a prime number?
False
Is 5086421429 composite?
True
Is 91387001 prime?
True
Is 46802237 a composite number?
False
Is 1655666263 a composite number?
False
Is 2026872967 a composite number?
True
Is 1350797843 a prime number?
False
Is 94414986091 a composite number?
False
Is 2585293 a composite number?
False
Is 1858195205 composite?
True
Is 53731869287 composite?
False
Is 290023059 a prime number?
False
Is 1292775097 composite?
False
Is 108080805559 a composite number?
False
Is 1522234046 a composite number?
True
Is 51144141505 a composite number?
True
Is 27956981681 a composite number?
False
Is 5286340147 prime?
False
Is 3596240878 prime?
False
Is 55899831091 a prime number?
False
Is 3364150373 a composite number?
True
Is 9442757843 prime?
False
Is 3433930099 composite?
True
Is 28289483 a composite number?
False
Is 1772978903 prime?
True
Is 3012860629 composite?
False
Is 2124357227 prime?
True
Is 4076317109 a prime number?
False
Is 179810782 a composite number?
True
Is 16556701849 prime?
True
Is 685875805 prime?
False
Is 53021921 prime?
True
Is 16659352583 a composite number?
False
Is 3912057757 a prime number?
True
Is 64926987649 a composite number?
False
Is 5639968567 a prime number?
False
Is 5718395557 a composite number?
True
Is 1097744789 composite?
False
Is 106747884289 a prime number?
False
Is 313425143 a composite number?
False
Is 17389679465 composite?
True
Is 75968426089 a composite number?
True
Is 210203444479 composite?
True
Is 2102909057 a composite number?
True
Is 618467873 prime?
False
Is 19151512069 prime?
True
Is 724123627 a prime number?
True
Is 126412709141 composite?
True
Is 1542067027 composite?
True
Is 5525434685 composite?
True
Is 33449505601 a prime number?
True
Is 95790853 composite?
False
Is 12950614279 a prime number?
True
Is 11307661879 a composite number?
True
Is 23040023 a composite number?
False
Is 127943868323 a composite number?
True
Is 1092103543 a prime number?
True
Is 5143674079 prime?
True
Is 1639847483 a composite number?
False
Is 16548970567 a composite number?
False
Is 189718213 a prime number?
False
Is 13747340459 a composite number?
True
Is 4345599521 prime?
False
Is 4296880771 composite?
False
Is 28626516203 composite?
False
Is 111890641 a composite number?
False
Is 7837154603 prime?
False
Is 5400916481 composite?
True
Is 21709511 prime?
True
Is 3621103861 a composite number?
True
Is 252354302417 prime?
False
Is 48927772499 composite?
True
Is 959711401 a prime number?
False
Is 158767207 composite?
False
Is 3377363533 a composite number?
True
Is 87630110527 a composite number?
False
Is 869646809 a prime number?
False
Is 10677617539 a prime number?
False
Is 1628334907 a prime number?
True
Is 24209210021 a composite number?
False
Is 95141999 prime?
False
Is 20203346929 a prime number?
True
Is 203101152827 prime?
False
Is 1795322461 a composite number?
False
Is 801649633 prime?
True
Is 3686454173 prime?
True
Is 2107177019 a composite number?
True
Is 1550408833 prime?
True
Is 1788514141 a composite number?
True
Is 10212395399 a composite number?
False
Is 94584229 a prime number?
True
Is 777014297 a composite number?
True
Is 52196670187 a composite number?
False
Is 2441626961 prime?
True
Is 19562548267 prime?
True
Is 4811076043 prime?
True
Is 5165320957 a prime number?
True
Is 81522199673 a prime number?
True
Is 114023167 a composite number?
True
Is 7286870707 prime?
True
Is 33626324441 prime?
False
Is 85873357939 a composite number?
False
Is 1009227433 a composite number?
False
Is 1892931097 a composite number?
False
Is 3895485307 composite?
True
Is 14107482313 prime?
True
Is 3421755067 composite?
True
Is 73417967 prime?
False
Is 1393145491 composite?
True
Is 41355820999 prime?
True
Is 5665316357 composite?
False
Is 4051627633 a composite number?
True
Is 5478506801 a prime number?
True
Is 133561247 a prime number?
True
Is 3329274703 a composite number?
True
Is 101796217 a composite number?
False
Is 273556001 composite?
False
Is 217106801 a composite number?
False
Is 712043333 composite?
True
Is 1602748139 composite?
True
Is 1004216761 composite?
False
Is 651041773 composite?
False
Is 1501794169 prime?
False
Is 1316867213 prime?
True
Is 89023745333 composite?
False
Is 23764345027 prime?
True
Is 4977182719 a prime number?
True
Is 301324663 a prime number?
False
Is 4898559509 prime?
True
Is 19363754083 prime?
True
Is 6497627161 a prime number?
False
Is 1201550473 a composite number?
False
Is 20409964919 prime?
False
Is 588027733 prime?
True
Is 31948451791 a composite number?
False
Is 92214524681 prime?
True
Is 162096724961 composite?
False
Is 547030069 a prime number?
True
Is 3672075473 composite?
True
Is 20276239129 a composite number?
False
Is 1441122587 composite?
True
Is 2432577299 a prime number?
True
Is 12228434483 a composite number?
False
Is 690093289 composite?
False
Is 3802971569 composite?
False
Is 3912480017 composite?
True
Is 51914836397 a prime number?
True
Is 31868652155 a composite number?
True
Is 39054225677 prime?
False
Is 4581836213 composite?
False
Is 1142299841 prime?
True
Is 43355771747 a composite number?
False
Is 973223983 a composite number?
False
Is 1076326087 prime?
True
Is 949700729 composite?
True
Is 478818359 composite?
False
Is 5908059517 prime?
True
Is 37178733586 a composite number?
True
Is 698278219 a composite number?
True
Is 2193732601 prime?
False
Is 1055891119 a composite number?
True
Is 953687227 a prime number?
False
Is 24544212379 a prime number?
False
Is 217009005607 a composite number?
False
Is 1502130631 a prime number?
False
Is 49203289909 a prime number?
True
Is 61980903377 a prime number?
False
Is 2011682549 a prime number?
False
Is 1900169741 composite?
False
Is 136948580161 a composite number?
True
Is 2497223293 a composite number?
True
Is 8746635319 composite?
True
Is 418741973 a composite number?
True
Is 11116669133 prime?
True
Is 6176302859 a prime number?
True
Is 30488173 a composite number?
False
Is 180529199 prime?
False
Is 155385679 composite?
False
Is 858609511 composite?
True
Is 9339840781 a prime number?
False
Is 969937687 composite?
False
Is 48093540245 a prime number?
False
Is 461295019 composite?
False
Is 8989289269 composite?
True
Is 1163801171 a prime number?
False
Is 41837897521 a composite number?
True
Is 784023769 prime?
True
Is 432954779 composite?
True
Is 6363624235 composite?
True
Is 34807812213 composite?
True
Is 1576977881 a prime number?
True